*s - 9. Let u be v(6). Let i = -1 - -2. Let c(m) = -i + m**3 - m + 2*m + 5 - 3*m**2. Determine c(u).
7
Let a(q) be the second derivative of -q**5/60 + q**4/24 - 2*q**3/3 + 2*q. Let y(v) be the second derivative of a(v). Give y(1).
-1
Let h be 102/(-18) - (-1)/(-3). Let a = -14 - h. Let b(n) = -n**2 - 7*n + 9. Give b(a).
1
Let p be (-3)/(-7) + 40/(-28). Let q(s) = 3*s. Let z be q(p). Let j(d) = d**3 + 3*d**2 - d - 3. Give j(z).
0
Suppose -4*q - 3*o + 14 = -o, -4*o - 20 = -4*q. Let u(r) = r**2 - 4*r - 4. Calculate u(q).
-4
Let y(x) = -2*x - 2. Let i(q) = q**3 + 19*q**2 - q - 15. Let h be i(-19). Give y(h).
-10
Let y(h) = 14 - 3*h - h**2 - 28 + 19 + 4*h. Determine y(4).
-7
Let h = 6 + -6. Suppose 2*k - 4*z + 4 = -8*z, -2*z = 4. Let y(o) = -o**k - 1 + o**3 - 2 - 4*o + 3*o. Determine y(h).
-3
Let o(t) = t**3 - t**2 + t + 1. Suppose 5*v = 3*v. Determine o(v).
1
Let w(m) be the first derivative of -m**3/3 + 4*m**2 - 9*m - 14. Determine w(8).
-9
Let w(d) = -d**2 + 5. Let j(y) = -3*y**2 + 9. Let p(s) = -6*j(s) + 11*w(s). Determine p(1).
8
Suppose -4*g + p = 3*p - 16, -2*p + 19 = 5*g. Let t(v) = -2*v - 2*v + 0 + g. Let q = 96 - 94. Give t(q).
-5
Let f(k) = k**2 + 9*k + 6. Suppose -2*y + t - 4*t = 25, -5*y = -3*t + 31. What is f(y)?
-2
Let k(d) = -d - 7. Suppose 62 = -14*j - 36. Determine k(j).
0
Let q(z) = 0 + 1 - 5*z - 2. Let t be 12*(5/(-3) + 2). Suppose 5*r + t = r. Calculate q(r).
4
Suppose -2*o + 3*o = 5. Let h(w) = w**2 - 5*w + 2. Let t be h(o). Let x(r) = -1 - r**t - r + 7 + 5*r. What is x(5)?
1
Suppose 5*v - 18 = 4*s + 7, -2*v + 10 = s. Let p = 1 + v. Let b(f) = f + 6. Give b(p).
12
Suppose 2*b = -5*x - 31, -4*b - 20 = 7*x - 3*x. Let a(p) = p**2 + 7*p - 9. What is a(x)?
-9
Let a be (4 + -1)/((-3)/(-2)). Suppose a*n = 6*n + 8. Let k be n/((0 - 1) + 2). Let q(o) = -o**3 - 2*o**2 - 3*o - 2. Give q(k).
4
Let y(k) = 2*k - 1. Let z(f) = 1 + 0 - 4*f + 2*f. Let t(x) = 6*y(x) + 7*z(x). Calculate t(1).
-1
Let g(d) be the second derivative of d**6/360 - d**5/120 - d**4/8 + d**3/3 + d. Let w(f) be the second derivative of g(f). Determine w(0).
-3
Let v(i) = i**2 - 8*i - 4. Let t be -5 - (0 - 3) - -10. Calculate v(t).
-4
Let o = 4 + -2. Suppose 0 = 3*c - 2*x - 2*x - 13, 5*x = -o*c + 1. Let f(v) = v - 2*v**3 + 4*v**2 - 2 - 2*v**2 + 3*v**c. Calculate f(-2).
-4
Let u(v) = -4*v + 1. Let r(h) = -h. Let d(n) = -5*r(n) + u(n). Let b be d(4). Let s(x) = x**3 - 6*x**2 + 3*x + 7. Determine s(b).
-3
Let m(y) be the third derivative of 0*y - 1/12*y**4 + 0 + 3*y**2 + 5/6*y**3. Calculate m(5).
-5
Suppose -3*p + 3 = -5*k, -2*k = 2*p + 2*k - 24. Suppose -p*m + 3*m = -12. Let l(x) = 0*x**2 - 5 - m*x + 2 - 2*x**2. Give l(-2).
-3
Let z(d) = 2*d**2 + 0*d - 2 + d**3 - d + d**3. Let q = -2 - -8. Suppose 0 = b + 2*b + q. Calculate z(b).
-8
Let u(c) be the second derivative of -c**4/12 - 2*c**3/3 + c**2 + 2*c. Let x = 33 + -17. Suppose -2*w + 6 = x. What is u(w)?
-3
Let n(k) = -k**3 + 5*k**2 - 2*k - 5. Let j(w) = 1 + 2*w + w + 2*w - 2*w. Let t be j(1). Calculate n(t).
3
Let a(j) be the second derivative of -j**5/20 - 5*j**4/12 - j**3 - 3*j**2 + 13*j. Give a(-4).
2
Let w(d) = -2*d**2 + 2*d + 3. Let u be (2 - (1 - -1)) + 3. Give w(u).
-9
Let c(q) = -2*q - 13 + 7 + 3. What is c(-5)?
7
Let f(a) = 2 + 0 + 3*a**2 - 4*a**2 - 4*a. Let c be f(-5). Let x(i) = 6*i + 3 + i - 3*i. Calculate x(c).
-9
Let x(n) = 242 - 242 - n. What is x(-6)?
6
Let w(j) = 9*j**3 + 5*j + 5. Suppose 6*y = y + 90. Suppose -3 = -3*b + y. Let s(l) = -4*l**3 - 2*l - 2. Let r(i) = b*s(i) + 3*w(i). Calculate r(2).
-5
Let p(y) be the third derivative of y**6/60 - y**5/30 + y**4/8 - 7*y**3/6 + 5*y**2. Let t(j) = -j**3 - j**2 + j + 1. Let n(l) = p(l) + 3*t(l). Determine n(-6).
-4
Suppose 7 = -3*z + 1. Let r(t) = -1 + 0*t + t - 3*t - t. Give r(z).
5
Let f be 656/128 - 2/16. Let c(p) = 5*p**3 - 4*p**2 + 9*p - 7. Let x(t) = -7*t**3 + 6*t**2 - 14*t + 11. Let z(s) = f*x(s) + 8*c(s). What is z(1)?
4
Let g(i) be the third derivative of i**7/1260 - i**6/240 - i**5/30 - i**4/4 - 6*i**2. Let o(d) be the second derivative of g(d). Give o(3).
5
Let o(l) = 9*l + 3. Let w(q) = 7*q + 2. Let f(h) = 4*o(h) - 5*w(h). Give f(6).
8
Let j(u) be the second derivative of -5*u**3/3 + 3*u**2/2 + 9*u. Calculate j(2).
-17
Let k(b) be the second derivative of 1/2*b**2 + 2/3*b**3 - 4*b + 0. What is k(1)?
5
Let l(k) be the first derivative of k**4/4 - 4*k**3/3 + k**2 - k + 13. Give l(3).
-4
Let x = -123 + 125. Let v(z) = -3*z + 4. Let y(f) = -11*f + 17. Let n(j) = -9*v(j) + 2*y(j). What is n(x)?
8
Suppose -4*p - 28 = -4*m, 4*p - 12 + 30 = 2*m. Let a(b) = b - 10. Let y(r) = 3*r - 29. Let d(h) = 17*a(h) - 6*y(h). What is d(m)?
-1
Suppose 3*s - 9 = -60. Let i = 13 + s. Let j(k) = k**2 + 6*k + 5. Determine j(i).
-3
Let d(l) = 1. Let z(u) = u - 3. Let j(h) = 2*d(h) - z(h). Let n(k) = k**2 + 8*k. Let o be n(-8). What is j(o)?
5
Let j(i) be the second derivative of i**5/20 + i**4/6 + i**3/2 + i**2/2 - i - 11. What is j(-2)?
-5
Let r be (-16)/(-72) - 43/(-9). Let u(d) = -7*d**2 - 7*d + 6. Let q(t) = -11*t**2 - 11*t + 9. Let x(b) = r*q(b) - 8*u(b). Calculate x(0).
-3
Let s be (2/4)/(1/(-10)). Let y = s + 7. Let x(g) be the third derivative of g**5/30 - g**4/24 - g**3/3 + 2*g**2. Determine x(y).
4
Let w(f) = f**2 + 15*f - 74. Let p be w(-19). Let h = 7 - 3. Let g(q) = -h*q - q + 0*q. What is g(p)?
-10
Let y(b) = 3*b**3 - b**2 + b. Let n = -9 + 10. Calculate y(n).
3
Let k(r) be the third derivative of r**6/120 + r**5/12 + r**4/6 - r**3/2 + 42*r**2. Let y(i) = -i**2 + i + 2. Suppose -4*h = 4 + 4. Let p be y(h). What is k(p)?
-3
Let g(a) be the second derivative of a**5/20 - a**4/12 - a**3/6 - a**2/2 + 9*a. Determine g(-2).
-11
Let x(b) = 5*b - 13. Let p(y) = 9*y - 15. Let u(m) = m - 1. Let a(h) = p(h) - 6*u(h). Let o(k) = -8*a(k) + 5*x(k). Suppose 3*j - 2*j = 0. Give o(j).
7
Let q(b) be the first derivative of b**4/4 - 7*b**3/3 + 7*b**2/2 - b + 2. What is q(6)?
5
Let l(a) = -a - 5. Let w(k) = -k. Let q(h) = -l(h) + 2*w(h). Suppose x + 2*x = 4*b - 11, -x - 8 = 3*b. Let i = x + 5. Calculate q(i).
5
Let i(x) = 3*x**2 + 2*x - 2. Let k be i(-2). Let c(a) = 2*a - 9. Let m(v) = -4*v + 17. Let o(s) = k*m(s) + 11*c(s). Give o(2).
-1
Let t(h) = -4*h + 1 + 14*h**3 + 7*h + 2*h - 6*h. Suppose -1 = 4*v - 5. Give t(v).
14
Let v(a) = 5*a - 14. Let p(k) = -14*k + 40. Let h(o) = 4*p(o) + 11*v(o). Give h(-9).
15
Let n(y) = -3*y - 6. Let d(a) = -a**2 - 4*a + 5. Let g be d(-6). Determine n(g).
15
Let q be (1 - -2)*(-4)/6. Let y = 1 - q. Let w(u) = -u + 2. Let g(v) = 2*v - 3. Let x(p) = 4*g(p) + 6*w(p). Determine x(y).
6
Let l be (35/(-20))/((-1)/(-4)). Let a = l - -9. Let g(y) = 0*y**2 + 2*y**a - y - y**2. What is g(-1)?
2
Let w(h) be the second derivative of -h**3/6 + 15*h**2/2 - 43*h. What is w(10)?
5
Let j(p) = -p + 3. Let r be j(2). Let q(o) = 3*o**2 + 2*o + 2. Let z(s) = -7*s**2 - 4*s - 3. Let g(c) = -5*q(c) - 3*z(c). What is g(r)?
7
Let o(f) = -f**2 - 2*f + 3. Let q(m) = m**3 + 4*m**2 - 3*m + 5. Let j be q(-5). Give o(j).
-12
Let q(p) = -2*p**2 - 6*p - 8. Let y(n) = n**2 + n + 1. Let l(d) = -q(d) - 4*y(d). Give l(3).
-8
Let f(m) = 11*m**2 - 3*m**2 + m**2. Determine f(-1).
9
Let l(r) be the second derivative of -r**3/6 + 9*r**2/2 + r. Let q be l(7). Let u(d) = 2 - 2*d - d - q*d. Give u(2).
-8
Let x(j) = -j + 6. Let f be x(7). Let t be (25/30)/(f/(-6)). Let b(r) = r**3 - 5*r**2 + 2*r + 1. Give b(t).
11
Let n be 4/(-18) + 60/27. Let d(z) = z**3 - z**2 + 3*z - 1. What is d(n)?
9
Let w(d) = d**2 - 1. Let f(u) = 7*u**2 - u - 6. Let b(q) = f(q) - 6*w(q). Let a(n) = 8 + 9*n - 4*n**2 + 5*n**2 + 2. Let s be a(-8). Give b(s).
2
Let t = -10 + 11. Let c be (4/12)/(t/6). Let j(p) = 2*p**2 - 2 + 6*p - p**c + 8. Give j(-5).
1
Suppose p + 4*x = x - 3, -2*p - 3*x = 0. Let h(s) = -3*s + 2. Determine h(p).
-7
Let u be (3 + 0 - 4)*1 - -4. Let w(d) be the third derivative of -d**5/60 + d**4/6 + d**3/6 + 2*d**2. What is w(u)?
4
Let q(t) = -2*t - 4. Let p = 91 - 85. Calculate q(p).
-16
Let p(s) = -6*s + 1. Let q be 1 - -1 - (1 - 1). Determine p(q).
-11
Let k(g) be the second derivative of -g**3/6 + 3*g. Let a(r) = -r + 7. Let i be a(7). Suppose p + 5*w + 10 + 20 = i, -4*p - 5*w - 45 = 0. Calculate k(p).
5
Let c(n) = -2*n - 10. Let l(z) = 5*z + 21. Let m(b) = -7*c(b) - 3*l(b). Determine m(5).
2
Let z